+ 4*t - q, -1 = -t. Calculate the highest common factor of 28 and s.
14
Let g be (117/(-24)*10)/(4/(-16)) + 8. What is the highest common factor of 343 and g?
7
Let i be (-222)/(-42) + (-4)/14. Let z(d) = -d + 11. Let k be z(i). Suppose -197 = -k*q - 35. What is the highest common factor of 216 and q?
27
Let j(u) = 2*u**2 + 72*u + 168. Let h be j(28). What is the highest common factor of 112 and h?
56
Let n(w) = -w**3 - 23*w**2 + 25*w + 55. Let d be n(-24). Suppose -2*x = -4 + 36. Let b = x + d. Calculate the greatest common factor of b and 105.
15
Let g(f) = -f**3 - 28*f**2 + 30*f + 13. Let r be g(-29). Let x be 0 - -1*(1 - -3) - r. Calculate the highest common factor of 80 and x.
20
Suppose 7*h + 2225 = 3*b, -b + 164*h + 741 = 161*h. Calculate the highest common factor of 48 and b.
24
Let o = 80 - 80. Let n be 145/4 - ((-6)/(-24) - o). Calculate the greatest common divisor of n and 27.
9
Let n be (280/(-12))/((-4)/36). Suppose -76*z = -74*z + n. Let l = -71 - z. Calculate the greatest common divisor of l and 68.
34
Let g(t) = 7*t**2 - 9*t - 6. Let p be g(4). Suppose -h - 4*o = -113, 0*h = 2*h + 5*o - 220. What is the highest common divisor of p and h?
35
Suppose f - 79 = 5*z, -2*f + 253*z + 134 = 251*z. What is the greatest common divisor of 676 and f?
4
Suppose k + 778 - 226 = -4*y, 2*y + 2*k = -282. Let n = y - -153. What is the highest common factor of 144 and n?
16
Let l be (-4)/6*(-36)/1. Suppose -7*v = -381 + 171. What is the greatest common divisor of v and l?
6
Let v = -21779 - -25659. Calculate the greatest common divisor of v and 40.
40
Let w be -2*(-10 - -4 - -9). Let g = w - -51. What is the highest common divisor of g and 855?
45
Let b be 3540*16/(-50)*560/(-448). Calculate the greatest common factor of b and 108.
12
Suppose 261*b = 264*b - 357. Suppose -11*f + 18*f = b. Calculate the highest common divisor of f and 221.
17
Suppose q + 36 = 4*d, -36 = -2*d - 383*q + 379*q. Calculate the greatest common factor of 428 and d.
2
Let r be (-3)/7 + 15840/308. Calculate the greatest common factor of 969 and r.
51
Let d be ((-4)/(-4))/(6/564). Calculate the greatest common factor of d and 893.
47
Let a be (-1)/2*(-17 + 11)*1. Suppose -28 + 10 = a*x. Let n be ((-6)/4)/(1/x). Calculate the highest common factor of n and 1.
1
Suppose -3*j = 2*h - 330, -6*h - 448 = -4*j - 8. What is the greatest common factor of j and 110?
110
Let d = 840 + -265. Let u be 2 + 2 - (-246 + 247)/(2/(-42)). Calculate the highest common divisor of d and u.
25
Let u be (12/28)/(2/14). Suppose 0*w - 14 = -m + u*w, -2*m = -5*w - 25. Calculate the highest common factor of m and 40.
5
Let a(r) = r**3 + 6*r**2 - 5*r - 28. Let l be a(-6). Suppose -13 = -l*s - 9. Let u be (4*2)/(8/32). What is the greatest common factor of u and s?
2
Let b be (-69 + -1)/(-10)*(-14)/(-2). Suppose -40*l = -b*l + 54. What is the highest common divisor of 18 and l?
6
Suppose 60*k + 109 - 1069 = 0. Let m be 6/(3 + 140/(-48)). What is the highest common factor of k and m?
8
Suppose -3*f - 2*v + 155 = 1804, -3*f + 4*v = 1625. Let a = -467 - f. Calculate the highest common factor of 70 and a.
10
Suppose -7*z + 28 = 2*g - 5*z, -5*g + z = -100. What is the highest common factor of 589 and g?
19
Suppose 8*m - 35 = 7*m. Suppose -8*h - 11 = -m. Suppose 0*k = k - h*u - 80, -4*u = 0. Calculate the highest common divisor of 10 and k.
10
Let i be (1210/(-1100))/(3/(-60)). Let r be 1/((-2)/4)*-11. Calculate the highest common divisor of r and i.
22
Suppose 2*z - 2088 = -5*k, 37*k = 2*z + 22*k - 2168. Calculate the greatest common factor of 170 and z.
34
Suppose -31*w + 339 = 122. Suppose -5*m - 1932 = -17*m. What is the highest common divisor of m and w?
7
Let p = 2843 + -2830. Calculate the highest common factor of p and 1651.
13
Let x(d) = -287*d**2 - 2*d + 1. Let i be x(1). Let b be (10/(-20))/(1/i). What is the highest common divisor of b and 18?
18
Let o = -215 + -2. Let m = o - -268. What is the greatest common factor of m and 34?
17
Suppose -3*n = 3*x - 180, 3*n = 10*x + 4*x - 840. Suppose -w - 2*w = -3*k + 183, k = 4*w + 64. What is the greatest common divisor of x and k?
60
Let k = 7338 + -7312. Calculate the highest common factor of k and 1625.
13
Suppose 0*w + 4*w = 2244. Let b = 469 - 418. Calculate the greatest common divisor of w and b.
51
Let z be -2 + ((-1)/3)/((-17)/131937). Suppose 155 = -9*p + z. Calculate the highest common divisor of 10 and p.
10
Let y(i) = 73*i - 131. Let k = -504 + 509. Let s be y(k). What is the highest common divisor of s and 26?
26
Let m = -204 - -164. Let b be 56/m*(-20)/2. What is the highest common factor of b and 70?
14
Let b = -119 + 34. Let w = 91 + b. Suppose -3*j + 219 = 2*x, -j - 2*x + 63 + w = 0. Calculate the greatest common divisor of 15 and j.
15
Let t be (12555/(-6) - 13/(-39)*18)*-2. What is the greatest common factor of t and 156?
39
Suppose -3*s - s = -28. Let k = 4 + s. Suppose 3*f - k = -5*b + 31, f - 22 = -3*b. Calculate the highest common factor of b and 4.
2
Let n(l) = l**3 + 19*l**2 + 55*l - 261. Let f be n(-13). Calculate the highest common factor of 14 and f.
2
Let x be (-24)/4 + (-11 - -12*1507). Calculate the highest common divisor of x and 116.
29
Let w(j) = -13*j + 16*j + 11*j + 3 + 3*j**2 - 13. Let z be w(6). What is the highest common divisor of z and 14?
14
Let a be (-75)/(-1) + 6 + 48/(-6). Let w = a - 49. What is the greatest common factor of 3 and w?
3
Let g be (-11252)/(-203) + (-32)/(-56). Calculate the greatest common factor of 791 and g.
7
Suppose -j = -4*y + 36 + 34, -2*j = 2*y - 40. Let u be 2 - 26/(-3 - -1). Let c = u + -9. What is the greatest common divisor of y and c?
6
Let p(y) = -y**3 + 51*y**2 + 164*y - 99. Let k be p(54). Calculate the greatest common divisor of k and 387.
9
Suppose -2*p + 284 = 5*h, 3*h - 41 - 135 = -4*p. Let c = 1590 + -1502. Calculate the greatest common divisor of h and c.
8
Let v be (-1)/(1/(-3)) - 65. Let n = 125 + v. Let z = -371 - -380. Calculate the highest common divisor of z and n.
9
Let y be (-35)/(-20) + 15345/36. What is the greatest common factor of y and 6634?
214
Let k = 304 + -306. Let c(p) = -70*p - 110. Let r be c(k). Suppose 0 = -z + 6*z - 750. What is the greatest common divisor of r and z?
30
Suppose -5*d - 1608 = -463. Let x = 328 + d. Let v(f) = 2*f**2 + 61*f - 85. Let k be v(-32). Calculate the highest common divisor of x and k.
11
Let b = 29522 + -13138. Calculate the highest common factor of b and 96.
32
Let z be 78/27 + (8 - 71/9). Calculate the highest common factor of 495 and z.
3
Let s(w) = -1221*w - 3632. Let c be s(-3). Let q = 3349 - 2388. What is the greatest common factor of q and c?
31
Let b(t) = 32*t**2 + 8*t - 7. Suppose 3*p - 2*q = 5, -4*p = -6*p + 2*q. Let w be b(p). Suppose -3*r + w = 4*r. What is the greatest common divisor of 17 and r?
17
Suppose 113*i - 180*i = -53667. What is the greatest common divisor of i and 712?
89
Let y(u) = -36*u**3 - 40*u**2 - 124*u. Let c be y(-3). Calculate the greatest common factor of c and 78.
6
Let n = -153 + 96. Let y = n + 97. Suppose 42*s - y*s = 4. Calculate the greatest common factor of 2 and s.
2
Suppose -7*o = 6*o + 3510. Let t = -252 - o. Calculate the highest common factor of t and 8.
2
Let y(z) = z**3 - 6*z**2 + 11. Suppose -19 - 16 = -5*j. Let w be y(j). Let d = -58 + w. What is the highest common factor of d and 6?
2
Suppose -5*z + 570*i - 568*i + 802 = 0, -27 = -3*i. Calculate the greatest common factor of 148 and z.
4
Let p = 29175 - 28232. Calculate the highest common divisor of p and 667.
23
Let l = 380 + -386. Let m(y) = -115*y - 151. Let k be m(l). What is the highest common divisor of 49 and k?
49
Let w be -24*5/(-20) - (8 - 5 - 153). Let r(o) = -o + 1. Let x be r(-3). Let d be (-1)/x - 98/(-8). Calculate the highest common divisor of w and d.
12
Let d(n) = -n**2 + 215*n - 4092. Let q be d(22). Let p be 760/35 - 2/(-7). Calculate the greatest common divisor of p and q.
22
Let n be (-45 + 1/((-2)/6))*-2. Let h(d) = 13*d**2 - 12*d - 4 + d**3 + 14*d**2 - 40*d**2. Let a be h(14). Calculate the greatest common factor of a and n.
24
Suppose -483*p = -136*p - 690877. What is the highest common factor of 724 and p?
181
Let j = -18612 - -18982. Calculate the highest common factor of 333 and j.
37
Let o be 